{"id":1692,"date":"2020-12-21T09:22:02","date_gmt":"2020-12-21T17:22:02","guid":{"rendered":"https:\/\/theliteraryarts.com\/?post_type=meeting&#038;p=1692"},"modified":"2020-12-21T09:24:32","modified_gmt":"2020-12-21T17:24:32","slug":"an-advent-celebration-19-december-2020","status":"publish","type":"meeting","link":"https:\/\/theliteraryarts.com\/es\/meeting\/an-advent-celebration-19-december-2020\/","title":{"rendered":"Novalis, Hesse y la meditaci\u00f3n - 19 de diciembre de 2020"},"content":{"rendered":"<p>Lo celebraremos con m\u00fasica, poes\u00eda y debate. Tambi\u00e9n reflexionaremos sobre el a\u00f1o que fue...<\/p>","protected":false},"template":"","class_list":["post-1692","meeting","type-meeting","status-publish","hentry"],"_links":{"self":[{"href":"https:\/\/theliteraryarts.com\/es\/wp-json\/wp\/v2\/meeting\/1692","targetHints":{"allow":["GET"]}}],"collection":[{"href":"https:\/\/theliteraryarts.com\/es\/wp-json\/wp\/v2\/meeting"}],"about":[{"href":"https:\/\/theliteraryarts.com\/es\/wp-json\/wp\/v2\/types\/meeting"}],"wp:attachment":[{"href":"https:\/\/theliteraryarts.com\/es\/wp-json\/wp\/v2\/media?parent=1692"}],"curies":[{"name":"wp","href":"https:\/\/api.w.org\/{rel}","templated":true}]}}

Novalis, Hesse y la meditación - 19 de diciembre de 2020

<p>Lo celebraremos con música, poesía y debate. También reflexionaremos sobre el año que fue...</p>
