{"id":935,"date":"2020-10-03T03:13:28","date_gmt":"2020-10-03T10:13:28","guid":{"rendered":"https:\/\/theliteraryarts.com\/?post_type=meeting&#038;p=935"},"modified":"2020-10-06T03:13:39","modified_gmt":"2020-10-06T10:13:39","slug":"steffen-schiller-sensitive-chaos-october-3-2020","status":"publish","type":"meeting","link":"https:\/\/theliteraryarts.com\/es\/meeting\/steffen-schiller-sensitive-chaos-october-3-2020\/","title":{"rendered":"Steffen, Schiller y el caos sensible - 3 de octubre de 2020"},"content":{"rendered":"<p class=\"p1\">Seguiremos trazando las l\u00edneas de afinidad y armon\u00eda que se entretejen entre los autores que hemos le\u00eddo: Schiller, Novalis, Hesse... \u00bfy me atrever\u00eda a decir Albert Steffen?<\/p>","protected":false},"template":"","class_list":["post-935","meeting","type-meeting","status-publish","hentry"],"_links":{"self":[{"href":"https:\/\/theliteraryarts.com\/es\/wp-json\/wp\/v2\/meeting\/935","targetHints":{"allow":["GET"]}}],"collection":[{"href":"https:\/\/theliteraryarts.com\/es\/wp-json\/wp\/v2\/meeting"}],"about":[{"href":"https:\/\/theliteraryarts.com\/es\/wp-json\/wp\/v2\/types\/meeting"}],"wp:attachment":[{"href":"https:\/\/theliteraryarts.com\/es\/wp-json\/wp\/v2\/media?parent=935"}],"curies":[{"name":"wp","href":"https:\/\/api.w.org\/{rel}","templated":true}]}}

<p class="p1">Seguiremos trazando las líneas de afinidad y armonía que se entretejen entre los autores que hemos leído: Schiller, Novalis, Hesse... ¿y me atrevería a decir Albert Steffen?</p>
