{"id":944,"date":"2020-08-08T03:18:50","date_gmt":"2020-08-08T10:18:50","guid":{"rendered":"https:\/\/theliteraryarts.com\/?post_type=meeting&#038;p=944"},"modified":"2020-10-06T03:19:03","modified_gmt":"2020-10-06T10:19:03","slug":"hymns-to-the-night-august-8-2020","status":"publish","type":"meeting","link":"https:\/\/theliteraryarts.com\/fr\/meeting\/hymns-to-the-night-august-8-2020\/","title":{"rendered":"Hymnes \u00e0 la nuit - 8 ao\u00fbt 2020"},"content":{"rendered":"<p>Ayant termin\u00e9 notre examen de\u00a0<em>Heinrich von Ofterdingen<\/em>\u00a0de Novalis, que nous avons commenc\u00e9 en mars, nous commencerons notre \u00e9tude de\u00a0<em>Hymnes \u00e0 la nuit<\/em>.<\/p>","protected":false},"template":"","class_list":["post-944","meeting","type-meeting","status-publish","hentry"],"_links":{"self":[{"href":"https:\/\/theliteraryarts.com\/fr\/wp-json\/wp\/v2\/meeting\/944","targetHints":{"allow":["GET"]}}],"collection":[{"href":"https:\/\/theliteraryarts.com\/fr\/wp-json\/wp\/v2\/meeting"}],"about":[{"href":"https:\/\/theliteraryarts.com\/fr\/wp-json\/wp\/v2\/types\/meeting"}],"wp:attachment":[{"href":"https:\/\/theliteraryarts.com\/fr\/wp-json\/wp\/v2\/media?parent=944"}],"curies":[{"name":"wp","href":"https:\/\/api.w.org\/{rel}","templated":true}]}}

Hymnes à la nuit - 8 août 2020

<p>Ayant terminé notre examen de <em>Heinrich von Ofterdingen</em> de Novalis, que nous avons commencé en mars, nous commencerons notre étude de <em>Hymnes à la nuit</em>.</p>
